the greatest common divisor of 2581 and o?
89
Suppose 2*v + v + 3 = 0. Let s(d) = -2*d**3 + d + 1. Let x be s(v). Suppose -x*p = 3*p - 40. Calculate the highest common divisor of p and 8.
8
Suppose 6*h - 918 = 15*h. Let f be (h/15 + 6)/((-2)/480). Calculate the highest common divisor of f and 72.
24
Suppose 2141 = 5*w + 4*o - 3638, -2322 = -2*w + o. What is the greatest common factor of w and 1342?
61
Let y = -33 - -31. Let d = y + -13. Let v = d - -66. Calculate the greatest common factor of 34 and v.
17
Suppose -v + 361 = 3*b + 203, 2*b - 109 = 3*v. Calculate the highest common divisor of b and 1.
1
Let i(q) = 2*q**3 + 16*q - 35854 + 35870 + 23*q**2 - q**3. Let n be i(-22). What is the greatest common factor of n and 111?
37
Let k(q) = q**2 - 9*q + 13. Let g be k(7). Let i be (-95)/(-15)*1/(g/(-3)). Suppose 18*b + 21 = i*b. What is the greatest common divisor of 14 and b?
7
Let d(n) = n**2 - 20*n - 36. Let j be d(26). Suppose 5*q - j = -5. Calculate the greatest common factor of q and 46.
23
Suppose -7*d + 3*k = -14*d + 12*d - 36410, 0 = k. Calculate the greatest common factor of 33 and d.
11
Suppose 0 = j - 4*n - 20, -4*j = n - 89 - 76. Calculate the greatest common factor of j and 264.
8
Let p be ((-4)/(-5))/((-15)/(-375)). Let z = -28 + p. Let l be (-39)/z - 21/(-168). Calculate the greatest common divisor of l and 5.
5
Let f = 162 + -156. What is the highest common divisor of f and 12?
6
Suppose 0 = 23*i - 21*i - 22. Suppose -i*w = -14*w + 15, -w + 57 = g. What is the greatest common divisor of g and 208?
52
Let n(o) = -6*o**3 + 25*o + 32*o - 61*o - 2*o**2. Let p be n(-2). Let q = p - 33. Calculate the greatest common divisor of 3 and q.
3
Suppose 2*g - 2173 = -2165. What is the greatest common divisor of 196 and g?
4
Let b be -9*(-1638)/972 - (-2 + 13/6). What is the highest common divisor of b and 7935?
15
Let u(r) = -7*r + 16. Let f be u(0). Let s(z) = 4*z - 56. Let l be s(f). Calculate the highest common factor of 128 and l.
8
Let o(p) = -219*p - 3481. Let y be o(-17). What is the greatest common factor of 572 and y?
22
Suppose 4*l - 4 = -4*o + 3*l, 5*l = 5*o - 30. Suppose -4*i + 1 + 8 = j, -o*j = -2*i + 2. What is the greatest common divisor of i and 74?
2
Suppose 12873 = 13*z + 8*z. Suppose -z - 125 = -18*n. What is the highest common divisor of n and 410?
41
Suppose 7*g - 8*g = 88. Let t = g + 154. Let h be -10 + 11 - 42/(-2). What is the greatest common factor of t and h?
22
Suppose -105*g + 53551 = -4*g - 152489. Calculate the greatest common divisor of g and 1080.
120
Let s be ((-360)/108)/(0 + 2/6). Let b = s - -17. Let o be ((-35)/10)/b*1*-68. What is the greatest common factor of 374 and o?
34
Let u be -7 - (5*-148)/4. Suppose -205 = 173*k - u*k. Calculate the greatest common factor of k and 205.
41
Let l be -12*(-5 - 91/21 - 4). Let y be 2/(-4) - (-357)/(-6). Let t = y + l. What is the greatest common factor of t and 50?
50
Suppose -o + 5*m = o + 11, -o = -2*m + 4. Let l = 108 + -102. Suppose o*v - 144 = -l*v. Calculate the greatest common factor of 162 and v.
18
Suppose 22*j + 84 = 28*j. Calculate the highest common factor of 707 and j.
7
Suppose -24*b = -2*b + 330. Let n be 2/(b/6*7/(-805)). What is the greatest common factor of 4 and n?
4
Suppose 154*j = 178*j + 9307 - 48331. What is the greatest common divisor of j and 5149?
271
Let v be (-19468)/(-14) - (-8 - 180/(-21)). Suppose -11*c + v = 125. Calculate the greatest common divisor of 46 and c.
23
Suppose 33*b = 437 + 883. Calculate the highest common divisor of 80 and b.
40
Suppose -82*b + 9660 + 2558 = 0. What is the greatest common divisor of b and 1639?
149
Let x be 354 - (2/(-4)*-16 + -5). Calculate the highest common divisor of 1638 and x.
117
Let o(w) = -3*w**3 + 19*w**2 - 30*w + 216. Let l be o(6). What is the highest common divisor of 832 and l?
8
Suppose 0 = 3*l + q - 214, 0 = -4*l - 26*q + 28*q + 272. Suppose 0 = 5*h + 3*w - 152, -2*h + 120 = 3*h - 5*w. Calculate the highest common factor of h and l.
14
Let f = -3380 + 3710. Calculate the highest common divisor of f and 8415.
165
Let g(v) = 2*v**3 - 8*v**2 - v - 1. Let p be g(5). Let k = p - 35. Suppose -4*f + 6*f = 144. Calculate the greatest common factor of f and k.
9
Let g = -5 - -5. Let u(c) = 6*c**2 + 6*c + 4. Let w be u(-6). Suppose -w = -g*x - 4*x. Calculate the greatest common factor of x and 23.
23
Suppose -3588 + 277 = -11*f. Calculate the highest common divisor of f and 344.
43
Suppose 5*o + 2*b = 162, 3*o - 46*b = -45*b + 84. Let n = -204 + 334. What is the greatest common factor of n and o?
10
Let m be 82/16*(-80)/(-4)*(-2 + 24). What is the highest common divisor of m and 22?
11
Suppose z + 6*o - 3*o - 17 = 0, 14 = z + 4*o. Let m = 246 - 356. Let y = 162 + m. What is the highest common factor of z and y?
26
Let f(s) = -s**2 + 7*s + 5. Let u be f(6). Let c = 161 - 327. Let h be 11/(-33) - c/3. Calculate the highest common factor of h and u.
11
Let c be 93 + -70 + (-28)/2. Calculate the highest common factor of 12789 and c.
9
Let m be 6 - ((-4)/8)/(4/2648). Suppose -t + m = 4*x - 311, 5*x - 645 = -t. Calculate the greatest common factor of t and 44.
44
Suppose 268*w + 1592 = 276*w. Suppose -185*p - 560 = -w*p. What is the highest common divisor of p and 128?
8
Suppose 0 = -4*h + 343 - 123. Let f(m) = -2*m - 44. Let b be f(-23). Let x be (-28 + 23)*((-68)/10 - b). Calculate the highest common divisor of h and x.
11
Suppose 6304 = 12*m - 296. Let f = m + -334. Suppose 43 = d + 4*a, 2*d - 5*d - a + 85 = 0. What is the greatest common factor of f and d?
27
Let t = 1534 + -1083. Let m be ((-21)/(-672)*16)/(((-26)/(-44))/13). What is the greatest common divisor of t and m?
11
Let a = -7643 - -16005. Calculate the highest common factor of 904 and a.
226
Suppose -5*t + 69 + 21 = 0. Let o(k) = -k**3 - 2*k**2 + 9*k - 2. Let b be o(-7). Let n = -90 + b. Calculate the greatest common divisor of t and n.
18
Suppose 0 = 5*r + 2*d - 24 - 89, 0 = 4*r + d - 88. Suppose 5*v = v + 28. Calculate the greatest common factor of r and v.
7
Suppose -3265 + 1103 = -23*k. What is the greatest common factor of 8366 and k?
94
Let b = 6705 - 6551. What is the greatest common factor of 9394 and b?
154
Let g = -90 + 92. Suppose 0*t - t + g = 0. Let a be 3 - (-1)/t*13*2. Calculate the greatest common factor of 24 and a.
8
Suppose 62*w = 66*w - q - 332, -4*w - q = -340. Calculate the highest common factor of 1608 and w.
12
Let t = -18606 - -21656. Calculate the highest common divisor of t and 854.
122
Let x(s) = -135*s + 2196. Let r be x(-36). Calculate the greatest common factor of r and 147.
147
Suppose -5*v + 3*p = -177, 145 = 4*v + 5*p + 33. Suppose -5*n - 3*b + 1134 = -259, -567 = -3*n + 43*b. Calculate the greatest common divisor of v and n.
11
Let f(y) = 407*y**3 + 2*y**2 - 4*y + 4. Let l be f(2). Let c be 2/4*l/10. Let a be 2 + c + (-6)/2. Calculate the greatest common factor of 18 and a.
18
Suppose -50*b - 3*g - 2759 = -54*b, -5*b + 4*g = -3450. What is the greatest common factor of b and 7?
7
Suppose z = -0*z + 6. Suppose 4*j - 1054 = -2*k, -16*j + 1021 = -12*j - k. What is the greatest common factor of j and z?
6
Suppose 3*i - 4253 = -5*l, -19*i + 3*l + 1441 = -18*i. Calculate the greatest common factor of 806 and i.
62
Let v(a) = -a**2 - 13*a + 182. Let w be v(-11). What is the highest common divisor of 16 and w?
4
Let s(c) = -c**2 - 74*c + 60. Let m be s(-20). Calculate the greatest common factor of m and 36.
12
Let r(v) = 41*v**2 + 1080*v + 5420. Let w be r(-5). What is the highest common divisor of 154 and w?
11
Let o(g) = -g**3 - 61*g**2 - 232*g + 232. Let m be o(-57). Calculate the greatest common factor of m and 30.
10
Suppose 97*v - 89*v = -1608. Let z = 233 + v. What is the greatest common divisor of z and 64?
32
Let s = 30 - 13. Suppose 3*w = -3, 5*i + 9*w + 5 = 4*w. Suppose -5*k = i, -102 = -3*o + o - 3*k. What is the highest common factor of s and o?
17
Suppose n - 5*k = 5, 3*n + 4*k + 23 = -0*k. Let m be n/((-22)/(-12) - 2). Calculate the greatest common divisor of m and 195.
15
Suppose 2*b + 5 - 17 = 3*d, -4*b = -5*d - 24. Let o be 0 - (2/b + -4)*27. What is the highest common factor of o and 44?
11
Let u(z) = 7*z**2 + 97*z + 2355. Let w be u(-29). Calculate the greatest common factor of 89 and w.
